{"id":2358,"date":"2022-03-24T09:19:12","date_gmt":"2022-03-24T08:19:12","guid":{"rendered":"https:\/\/www.altaix.com\/es\/?post_type=fabricantes&#038;p=2358"},"modified":"2022-03-24T10:30:05","modified_gmt":"2022-03-24T09:30:05","slug":"farran","status":"publish","type":"fabs","link":"https:\/\/www.altaix.com\/es\/fab\/farran\/","title":{"rendered":"Farran"},"content":{"rendered":"<p>Farran dise\u00f1a y fabrica componentes de microondas y milim\u00e9tricas est\u00e1ndar y a medida. La l\u00ednea de productos incluye:<\/p>\n<p>FEV: Extensores de frecuencia para expandir la capacidad de medida de loas analizadores de redes con el fin de obtener mediciones de par\u00e1metros S entre 40 y 500 GHz.<\/p>\n<p>FBC\/WGSN: Convertidores para sistemas de prueba de medici\u00f3n de figura de ruido y fuentes de ruido en el rango de 26,5 a 170 GHz.<\/p>\n<p>AET\/AER: soluci\u00f3n dedicada de prueba y medici\u00f3n para la verificaci\u00f3n del rendimiento de antenas.<\/p>\n<p>SAE: dise\u00f1ado para conectarse a uu analizador de espectro o se\u00f1al para extender su cobertura de frecuencia hasta 170 GHz.<\/p>\n<p>Otros componentes como: kits de calibraci\u00f3n para extensores frecuencia, front-ends de radar, radiometros, amplificadores de potencia, amplificadores de bajo ruido, multiplicadores pasivos, mezcladores de arm\u00f3nicos y subarm\u00f3nicos.<\/p>","protected":false},"excerpt":{"rendered":"<p>Componentes de microondas y milim\u00e9tricas desde 20 a 500GHz.<\/p>\n","protected":false},"featured_media":2359,"parent":0,"template":"","meta":{"rank_math_lock_modified_date":false},"mercados":[31,43,77],"familias":[280,102,88,86,170],"_links":{"self":[{"href":"https:\/\/www.altaix.com\/es\/wp-json\/wp\/v2\/fabs\/2358"}],"collection":[{"href":"https:\/\/www.altaix.com\/es\/wp-json\/wp\/v2\/fabs"}],"about":[{"href":"https:\/\/www.altaix.com\/es\/wp-json\/wp\/v2\/types\/fabs"}],"version-history":[{"count":0,"href":"https:\/\/www.altaix.com\/es\/wp-json\/wp\/v2\/fabs\/2358\/revisions"}],"wp:featuredmedia":[{"embeddable":true,"href":"https:\/\/www.altaix.com\/es\/wp-json\/wp\/v2\/media\/2359"}],"wp:attachment":[{"href":"https:\/\/www.altaix.com\/es\/wp-json\/wp\/v2\/media?parent=2358"}],"wp:term":[{"taxonomy":"mercados","embeddable":true,"href":"https:\/\/www.altaix.com\/es\/wp-json\/wp\/v2\/mercados?post=2358"},{"taxonomy":"familias","embeddable":true,"href":"https:\/\/www.altaix.com\/es\/wp-json\/wp\/v2\/familias?post=2358"}],"curies":[{"name":"wp","href":"https:\/\/api.w.org\/{rel}","templated":true}]}}

<p>Farran diseña y fabrica componentes de microondas y milimétricas estándar y a medida. La línea de productos incluye:</p>
<p>FEV: Extensores de frecuencia para expandir la capacidad de medida de loas analizadores de redes con el fin de obtener mediciones de parámetros S entre 40 y 500 GHz.</p>
<p>FBC/WGSN: Convertidores para sistemas de prueba de medición de figura de ruido y fuentes de ruido en el rango de 26,5 a 170 GHz.</p>
<p>AET/AER: solución dedicada de prueba y medición para la verificación del rendimiento de antenas.</p>
<p>SAE: diseñado para conectarse a uu analizador de espectro o señal para extender su cobertura de frecuencia hasta 170 GHz.</p>
<p>Otros componentes como: kits de calibración para extensores frecuencia, front-ends de radar, radiometros, amplificadores de potencia, amplificadores de bajo ruido, multiplicadores pasivos, mezcladores de armónicos y subarmónicos.</p>

<p>Componentes de microondas y milimétricas desde 20 a 500GHz.</p>
